 2. Is p(a) a composite number?
True
Let u(v) = 47*v - 54. Let j be u(13). Let o = j + 578. Is o composite?
True
Let m(t) = t**3 + 5*t**2 - 9*t - 1. Let w be m(-9). Let u be (-3)/(-6)*-244*w/8. Suppose -u = -3*d - 4*p - 0*p, 0 = 4*d - 4*p - 4980. Is d a prime number?
False
Suppose 14*u = 27*u - 36036. Let i = 7019 + u. Is i composite?
False
Let z be ((-1)/((-3)/13))/(12/144). Suppose z = 2*i - 204. Suppose 123 + i = r. Is r a prime number?
True
Let o = -59 + 46. Let h be o/((4/46)/((-10)/5)). Suppose 2273 - h = 6*a. Is a prime?
False
Let x(t) = -t**2 + t + 19. Let f be x(-5). Is 4719 + (0 - -1) + (f - -12) prime?
True
Let x(j) = 37794*j - 551. Is x(1) composite?
False
Suppose -2*h = 8 + 4. Let j(u) = -13 - u**2 - 7 + 9 - 16*u. Is j(h) composite?
True
Let k(h) = h**3 + h**2 + h + 251. Suppose -4*q = -b + 169, -5 = -3*b - 2. Let p = q - -42. Is k(p) composite?
False
Let n(g) = 17*g**3 - 47*g**2 + 9*g - 42. Is n(17) prime?
False
Let w = -134252 - -197025. Is w composite?
False
Let n(j) = 3706*j**3 - j**2 + j + 1. Let o be n(1). Suppose 4*b - 2889 = -5*m, 5*b - o = 4*m - 106. Is b a composite number?
True
Suppose 0 = -2*v + 1815 + 445. Suppose -v - 212 = -2*z. Suppose -4*x = -5*x + z. Is x prime?
False
Suppose -445 = -2*o - 3*o + 5*v, -o + 91 = v. Let z be (-15)/(o/24)*(-7)/2. Let w(m) = 7*m - 11. Is w(z) a prime number?
False
Is (8/(16/(-379902)))/(-15 - -12) a composite number?
False
Let n(i) = -25*i**2 - 22 - 9*i - 36*i + 10*i**2 + 26*i**2. Let j(b) = 5*b**2 - 23*b - 11. Let t(q) = -5*j(q) + 3*n(q). Is t(14) prime?
True
Let h(i) = i**3 - i**2 + 4*i - 11807. Let w be h(0). Let f = w - -28372. Is f a composite number?
True
Let x be (189/(-126))/(3/4). Is 84/294*(-89971)/x a prime number?
True
Suppose 5*w - 132233 = -d, -5*w + w + 105798 = -5*d. Is w a prime number?
False
Is (-1861848)/(-14) - (-24)/(2184/(-13)) a composite number?
False
Let d(j) = 158*j + 71. Let p(b) = 105*b + 47. Let q(w) = -5*d(w) + 8*p(w). Suppose -4*m + n = -n - 40, 5*m - 2*n = 50. Is q(m) a prime number?
True
Let b(w) = 69090*w - 9469. Is b(6) a composite number?
False
Let j be (225/(-10))/((-12)/16). Let g be (j/(-8))/(-4 - (-203)/56). Suppose 15*a - g*a = 77755. Is a prime?
True
Let w = -69637 - -371664. Is w a composite number?
True
Let i(a) = -125*a**3 + 5*a**2 + 6*a + 7. Suppose 39*s - 32*s = -21. Is i(s) a composite number?
True
Suppose -4*w + l = -1410319, 2*l = 3*l + 3. Is w a prime number?
True
Let y(d) = -d - 9. Let l be y(-6). Is (-31954)/l + (-3)/9 composite?
False
Let k(a) be the second derivative of a**3/3 + a**2/2 - 16*a. Let t be k(4). Is t/21 + (2 - 1020/(-21)) a prime number?
False
Suppose -5*s = -4*p - 6168, 3*p + 2564 + 2062 = -4*s. Let g = 2708 + p. Suppose -2*c + c - 2915 = -5*u, g = 2*u - 4*c. Is u a composite number?
True
Suppose 72*k - 12344 = 70*k. Let b = k - 2503. Is b a prime number?
False
Suppose 9*s - 6960888 = -78*s + 3766821. Is s composite?
False
Let s be (33/9)/(1*(-3)/(-9)). Suppose 0 = -2*b - s + 15. Is (-178)/(19/(-44) - b/(-8)) composite?
True
Suppose -w = 2*q - 7719, -7714 = -w - q - 2*q. Suppose -4*n = -3*k + w, 6*n - 2583 = -k + 4*n. Is k composite?
False
Suppose 0 = 31*y + 70960 - 730609. Let b = 30514 - y. Is b a composite number?
True
Let f be 4/8*(-318 + 4). Let z = 528 + f. Is z composite?
True
Suppose 311*l - 60797923 + 1874930 = 0. Is l a prime number?
True
Let b be 8 + -3 + (-1)/1. Let d be 2*((-26)/(-39))/(b/6). Suppose -t - 14605 = -6*t + d*w, 11684 = 4*t - 3*w. Is t a composite number?
True
Let t(z) = 748*z**2 - 6*z + 55. Is t(9) prime?
True
Let c = 72741 - 49868. Is c a prime number?
False
Let t = -22934 - -54715. Is t a prime number?
False
Suppose -2*j = 2*v + 2*j - 120618, 3*j = -v + 60314. Is v prime?
False
Let d(j) = -175352*j - 3. Is d(-1) prime?
True
Let w = -228443 + 424462. Is w prime?
False
Let i(p) = 2*p**2 - 10*p + 9. Let x be i(8). Suppose x*g - 52*g - 1125 = 0. Is 150045/g - 4/(-30) a composite number?
True
Suppose -116*l + 4*r + 222103 = -113*l, 5*r + 74038 = l. Is l a prime number?
False
Suppose -4*m + 10444016 = -4*r, 4*m + 3*r - 8467411 = 1976584. Is m composite?
False
Let p = -68 - -70. Suppose -2*j - i + p*i = -387, -i = j - 186. Is j prime?
True
Is 2*2/8*-10 - -29064 prime?
True
Suppose 0 = -9*k + 663 + 2307. Let t be (-14)/5*((-20)/(-4) - k). Suppose 2*z - t = 828. Is z prime?
False
Suppose 4*b = 3*b + 76. Let i be (4 - 1)/((-4 + 8)/b). Let h = i - 14. Is h prime?
True
Suppose -2*k - 5*u + 539905 = 0, 4*u + u + 1079705 = 4*k. Is k prime?
False
Let r(f) = 57*f**2 + f - 179. Is r(-36) composite?
True
Is (115199 + 5 + -3)*(-1 + 2) a composite number?
False
Let l be (-7)/((-126)/(-30))*-3. Suppose 3*x + 2*t - 2001 = 5*t, l*t = 4*x - 2673. Is x a prime number?
False
Suppose 4*c = -2*x + 37654, -3*c + 14368 + 13840 = -5*x. Suppose 0 = z + y - 5602, 5*z + 3*y - 18605 = c. Suppose -4*s - s = -z. Is s a prime number?
False
Suppose 3*a = -t + 1488188, 2*a + 3*t + 187404 - 1179541 = 0. Is a prime?
False
Let x be 0/(-5) + (-3 - 0 - -35). Suppose 23 = j + x. Let i(m) = -7*m**3 - 4*m**2 - 9*m - 23. Is i(j) a prime number?
False
Is (-6)/7 - (-10201705)/371 a prime number?
False
Let n = 613 + -617. Let h(b) = -50*b**3 + 10*b**2 + 15*b - 1. Is h(n) a prime number?
True
Is (-1 + -22)*(-14)/56*26188 a composite number?
True
Suppose 30 = 2*b + 8*b. Let t(q) be the third derivative of q**6/30 - q**5/12 + q**4/6 - q**3 + 2*q**2. Is t(b) composite?
True
Let n be (-2)/(-18) - 1853/153. Let h be (0 - -4)/n*-1167. Suppose -1370 + h = -3*p. Is p a prime number?
False
Suppose 2*t + 659859 = 2*l + 1962807, -4*l = -3*t + 1954425. Is t a prime number?
False
Suppose 4*o - 2*f - 988748 = 0, -10*f + 101201 = o - 145902. Is o composite?
False
Suppose 5*j - 1160 = -3*j. Let k = j + 412. Is k a composite number?
False
Let y(k) = 6*k**2 - 4*k - 24. Let q be y(-3). Suppose -260749 - 7421 = -q*n. Is n composite?
True
Is (157/(-314) - 17/2) + 28600 composite?
False
Let c(v) = -v**3 + 8*v - 7. Let w be c(2). Let q(a) = 6917*a**3 - 4*a**2 + 1. Is q(w) a composite number?
True
Suppose 2*w - 27624 = 16668. Suppose -18*h + w = -12*h. Is h prime?
True
Let k(p) = p**2 + 4*p + 2. Let d(s) = 4*s - 33. Let o be d(8). Let c be k(o). Is ((-1)/2)/(c - 5922/(-5924)) a composite number?
False
Let o be 12/(-5) + (-4)/(-10). Let z be -24 + 16 - (1 + 5*-1). Is o - 0/z - -1215 prime?
True
Let m be (-2018)/(-9) - (114/27 - 4). Let f = 382 - m. Is f*4/(-12)*(-3)/2 composite?
False
Let f = 52 - 50. Suppose 599 = -3*a + f*a. Let i = 1068 + a. Is i a composite number?
True
Suppose -93078 = 18*q - 770040. Suppose 19*a - 8*a - q = 0. Is a a composite number?
True
Let a(z) = -59*z + 6. Let l(i) = 179*i - 17. Let q(f) = -11*a(f) - 4*l(f). Let c be 3 - (-1 - -2) - 5. Is q(c) a prime number?
False
Suppose j + 2*w - 7 = -0*w, -2*j + w = 11. Is 4 - (-2124 + (j - -4)) a composite number?
True
Suppose 2*d - 3273 = -1029. Let c = -643 + d. Is c + -3 + 6/2 a prime number?
True
Suppose 135*i = 7811680 + 428315. Is i prime?
False
Let r(p) = p**3 + 9*p**2 - 5*p - 12. Let d be r(-8). Let m(s) = -32*s + d*s + 1 - 3 + 0. Is m(2) composite?
True
Let r(p) = 778*p**2 - 12*p - 84. Let c be r(-12). Suppose -31*m - 11311 = -c. Is m a prime number?
True
Let v(i) = -i**2 - 22*i - 5. Let l be v(-20). Suppose 2*o - 114 = -10*t + 5*t, -o + l = -3*t. Suppose 290 = 49*x - o*x. Is x prime?
False
Suppose -1152581 + 36047389 = 52*z. Is z composite?
True
Let k be 270 - -1 - (-1)/((-2)/4). Suppose -3*g = 2*h - 2*g + k, 3*g = -5*h - 670. Is ((-21)/(-3) - 1)/((-2)/h) prime?
False
Suppose 3*w = -2*x + 3044611, 2*x = -116 + 132. Is w composite?
True
Suppose -35*m + 152 + 128 = 0. Suppose m*j = 17326 + 2818. Is j composite?
True
Let q(r) = -472*r**3 - r**2 - 73*r - 223. Is q(-3) a prime number?
False
Let b = -58 + 82. Suppose 5*q = 3*n - 1331, 4*q - b = -16. Is n a composite number?
True
Let j = -2107 + 14256. Is j a prime number?
True
Let c(h) = h**2 - 28*h - 27. Let x be c(29). Suppose -l - 5*s + 30404 = x*l, -10134 = -l - s. Is l composite?
False
Let n(o) = -3*o**3 - 38*o**2 + 3*o - 67. Suppose 5*l + 114 = 24. Is n(l) a prime number?
False
Let c be 6 + -2 + 168/(-14). Let k(z) be the second derivative of z**5/20 + 5*z**4/6 - 5*z**3/3 - 17*z**2/2 + z. Is k(c) a prime number?
True
Let n = 18 + -28.